*v - o. What is the highest common factor of r and v?
19
Suppose 0 = -5*r + 5*z - 3*z - 30, 23 = -r - 3*z. Let i = r - -10. Let o be ((-2)/3)/(i/(-54)). What is the highest common factor of 12 and o?
6
Suppose -3*h + 0*h = -144. Suppose 0 = -4*u - 5*d + 44, -3*d + h = 2*u - 7*d. Suppose 3*y + 2*y = 400. What is the greatest common factor of u and y?
16
Suppose -v - n = 2, 5*v - 14 = 3*n - 2*n. What is the greatest common divisor of 22 and v?
2
Suppose -5*c = 5*q + 15 - 200, 5*c = 20. Let h(g) = -4*g - 2. Let l be h(-6). Calculate the highest common divisor of q and l.
11
Let t(b) = b - 5. Let r be t(5). Suppose r = 5*i - 4*m - 21, -4 = 2*i + 2*i + 2*m. Calculate the highest common factor of 1 and i.
1
Let l(s) = 9*s + 9. Let k be (2/(-3))/(12/(-234)). Let h be l(k). Calculate the highest common factor of 18 and h.
18
Suppose -3*o + 21 = 3*b, 4*o = b + 4*b - 8. Suppose -3*a - 3*i = -7 - 8, 3*a - b*i - 8 = 0. What is the greatest common divisor of a and 16?
4
Let o = 8 - -57. What is the highest common factor of 13 and o?
13
Suppose 3*b = -24 + 132. Let n be (-1)/(-2)*(108 + 0). Calculate the highest common divisor of b and n.
18
Let q be -2 + 234/(0 - -3). Let f = 157 - q. Suppose -2*c = -n + 4, -4*n + f = -0*n + 5*c. Calculate the greatest common divisor of n and 14.
14
Suppose 6*r - r = -a + 124, 5*a + 4 = r. Calculate the highest common factor of 96 and r.
24
Suppose 0 = -4*d + 120 - 8. Let v be 1*(-1 - 0)/1. Let a be (-12 + -1 - 1)*v. Calculate the highest common divisor of a and d.
14
Suppose 165 = -t + 2*t. Suppose 21 = 2*a - 9. Calculate the greatest common divisor of t and a.
15
Let k(p) = p**2 + 11*p + 6. Let w be k(-11). Calculate the greatest common factor of 18 and w.
6
Suppose 4*g - u - 9 = 0, 0*g - u = 3*g - 12. Suppose 2*i = 3*k + 169, g*k + 90 = i + 7*k. Let s = i - -13. Calculate the highest common factor of 9 and s.
9
Let q(v) = 8*v - 54. Let n be q(7). What is the greatest common factor of n and 10?
2
Let p(y) = 31*y**3 - 1. Let m be p(1). What is the highest common divisor of m and 3?
3
Let w(t) = 2*t + 3 + 1 - 2. Let v be w(6). Calculate the greatest common divisor of 70 and v.
14
Let o = 65 - 45. Let a(y) = y**2 - 7*y - 13. Let u be a(9). Suppose 0*v + 150 = u*v. What is the highest common divisor of v and o?
10
Suppose -6*m + 597 = -105. What is the highest common divisor of 13 and m?
13
Let s be (3 + -34)*(-11 + 0). What is the greatest common divisor of 31 and s?
31
Let a(v) = -v**2 + 4*v + 8. Suppose -2*j = -0*j - 2*u + 2, 3*u + 5 = 5*j. Let c be a(j). Calculate the highest common divisor of c and 12.
4
Suppose -40 - 108 = -4*z. Let i be z/3 - (-8)/12. Calculate the highest common factor of 143 and i.
13
Let l be 17 + -1 + (1 - 0). Let v = -8 + l. Let z(i) = 36*i - 306. Let o be z(9). Calculate the greatest common factor of o and v.
9
Let t(f) = f - 2. Let c be t(4). Suppose -2*z + a = -355, 0*z = -c*z - 3*a + 343. Let i = 304 - z. What is the greatest common factor of 16 and i?
16
Let t be (-2)/5 - (-24)/10. Calculate the highest common divisor of t and 10.
2
Let r be -23 + -1 + -2 + 5. Let s = 35 + r. Calculate the highest common factor of 7 and s.
7
Let w = -43 - -64. What is the greatest common divisor of w and 231?
21
Let y(c) = c**2 + 4*c - 3. Let i be y(-6). Suppose -3*h + 12 = -i. What is the greatest common factor of h and 35?
7
Suppose -i + 6*i - 230 = 0. What is the highest common divisor of i and 138?
46
Suppose -2*o - 3*o = -25. Let l = o - -5. Let u = 19 - l. Calculate the greatest common factor of 36 and u.
9
Suppose 67 - 7 = 6*t. Calculate the greatest common divisor of t and 15.
5
Let t(a) = -32*a**2 + a + 3. Let s be t(3). Let v = s - -435. Suppose -4*m = -5*k - m + 70, -31 = -3*k + 4*m. What is the greatest common factor of v and k?
17
Let w(p) = 6*p - 9. Let f be w(4). Let k = 30 - f. Calculate the greatest common divisor of k and 105.
15
Suppose 0*d - 2*d = -x - 19, -5*d + 70 = -5*x. Let l = -6 - x. What is the greatest common factor of l and 33?
3
Suppose 2*v - 3 + 1 = 0. Let p be -1*(1 + v) - -1. Let s be 4 + -5 - 8*p. What is the highest common divisor of 77 and s?
7
Let q = -84 + 108. Let g(p) = -2*p + 2. Let x be g(-5). Calculate the greatest common divisor of x and q.
12
Suppose 0 = -2*q + 84 + 334. Calculate the greatest common factor of 19 and q.
19
Suppose 0*m - 3*m = -69. Suppose 4*c = -s + m, -5*c = -2*s - 2*s - 13. Let x be 2*(-1)/2 + 13. Calculate the greatest common factor of x and s.
3
Let h(p) be the third derivative of p**4/2 + 3*p**3/2 + 2*p**2. Let d = -16 + 25. Let q be h(d). What is the highest common factor of q and 13?
13
Suppose -5*z + 594 = -3*z. Calculate the highest common divisor of 27 and z.
27
Let w(v) = v**2 - 6*v - 5. Let z be w(7). Suppose -4*r + 241 = t - 0*t, 3*r - z*t = 178. What is the highest common divisor of r and 12?
12
Let s(m) = 2*m - 9. Let d be s(7). Let h be (-2 - -4) + d + 13. What is the highest common factor of h and 5?
5
Let q = -15 - -26. Let i be -3 + 113 + 0/1. What is the highest common factor of q and i?
11
Let v = -15 + 29. Calculate the greatest common divisor of v and 42.
14
Suppose 3*u = 29 + 10. Let b = u - 6. Calculate the greatest common factor of b and 28.
7
Suppose 2*t = 225 + 17. Suppose 0 = 2*y - 3*h - 3 - 13, 2*y - 2*h - 18 = 0. Calculate the highest common divisor of y and t.
11
Suppose 0 = -4*n - 12, -2*l - 4*n = l. Let d(t) = -t**2 + 2*t + 5. Let m be d(l). Let h = m + 4. What is the greatest common divisor of h and 3?
1
Suppose 0*o = -2*p - 2*o + 30, 5*p - 3*o - 115 = 0. Suppose 5*m = -n - 0*n + 65, 3*n - 115 = m. Calculate the greatest common divisor of n and p.
20
Suppose -z + 11 = -10. Let m = 2 + 1. Calculate the greatest common factor of z and m.
3
Let l = -12 - -18. Calculate the highest common divisor of 48 and l.
6
Let h be 4 - (3/(-1) - -9). Let c be (4/10)/(h/(-50)). Let b(i) = i**2 - 6*i - 5. Let s be b(7). Calculate the greatest common factor of s and c.
2
Let c be 2 + (1 - 2) + 76. Let z = 7 - 9. Let k be (1/z)/(3/(-66)). What is the greatest common divisor of c and k?
11
Let n(s) = -12*s**3 - 3*s - 3. Let g be n(-2). Let x be (-2)/6 - (-58)/3. Let w = 30 - x. Calculate the greatest common factor of w and g.
11
Suppose -10 = 2*b, -5*i - b + 2 = -3. Let z be 2/(1/(6/(-4))). Let h be (-2)/(i*z/225). What is the greatest common divisor of h and 15?
15
Suppose 5*v - 444 = -124. What is the greatest common divisor of 16 and v?
16
Let o(z) = 5*z**2 - z + 4. Let s be o(2). Calculate the greatest common factor of s and 2.
2
Suppose d - 244 = -2*o - 0*o, -8 = -4*o. Calculate the highest common divisor of d and 24.
24
Suppose 10 = 2*r - 0*r. Suppose -58 = -4*j + 3*t - t, -r*t = 2*j + 1. What is the greatest common factor of j and 24?
12
Let i = 13 + 23. What is the greatest common factor of i and 9?
9
Suppose -4*x - 66 = -194. Calculate the highest common divisor of 8 and x.
8
Let s(o) = -o**3 + o**2 - o + 12. Let m be s(0). Suppose -303 = -3*b + 3*h, 3*h - 3 = -3*b + 270. What is the highest common factor of b and m?
12
Let x(v) = 7*v**2 + v. Let u be x(1). What is the greatest common factor of u and 64?
8
Let g = -208 + 219. Let z be -1*1 + (-89)/(-1). What is the highest common factor of z and g?
11
Suppose s = -s + 54. Let l(u) = -5*u - 7. Suppose -15 = p + 2*p. Let t be l(p). Calculate the greatest common factor of t and s.
9
Let r(m) = -m**3 + 8*m**2 + 12*m + 1. Let z be r(9). Suppose -34 = -3*o + j - 3*j, 38 = 3*o + j. What is the highest common factor of z and o?
14
Suppose 3*j - 33 = 5*a, 0 = -j - j + 4*a + 24. Suppose -4*t + 356 = 92. Calculate the greatest common factor of j and t.
6
Suppose 2*s = -4*s + 108. What is the greatest common factor of s and 198?
18
Let q(o) = o**2 + 13*o + 16. Let m be q(-16). What is the highest common divisor of m and 8?
8
Suppose 3*t + 13 = -w + 1, -4 = 4*w + t. Suppose -u - 3*j - 99 = w, 0 = 2*u - 0*u - 2*j + 166. Let g = u - -141. What is the highest common divisor of g and 6?
6
Let f be 280/25 + (24/(-10))/(-3). Calculate the greatest common factor of f and 12.
12
Suppose 0*a - 2*o = -3*a + 190, -3*o = 15. Calculate the greatest common divisor of a and 15.
15
Suppose 160 = -5*x - 2*l, 5*x + 2*l + 170 = -2*l. Let n be x/(3 + -1 + -4). Calculate the highest common factor of 120